 Suppose 0 = -g - l*g + 237. List the prime factors of g.
79
Let h(f) = -14*f**2 + 41*f + 48. Let z(u) = -5*u**2 + 14*u + 16. Let q(b) = -6*h(b) + 17*z(b). Let d be q(-7). What are the prime factors of ((-12)/d)/(2/45)?
2, 3, 5
Suppose -16*b + 7572 + 764 = 0. List the prime factors of b.
521
Suppose 2*l = 3*z - 0*l - 66, z + 4*l - 36 = 0. Let y be (1 + -8 + -2 + 5)/(-1). Suppose z = 4*j + y*u, -u = 2*u. What are the prime factors of j?
2, 3
Suppose -7*n + 11*n - 4 = 0. List the prime factors of n*(2 - 2 - -8).
2
Let x = -799 - -1245. List the prime factors of x.
2, 223
Let g = -1275 - -2676. What are the prime factors of g?
3, 467
Suppose -3*k + 4*v = v - 1938, 3262 = 5*k + 3*v. What are the prime factors of k?
2, 5, 13
Let h = -4 + 4. Suppose o - 6*o - 10 = h. Let w(g) = -g**3 + 4*g**2 + 2. What are the prime factors of w(o)?
2, 13
What are the prime factors of 2409/4 - (-4)/64*12?
3, 67
Let a(j) = 19*j - 3. Let y be a(3). Suppose 0 = -3*x + y + 27. What are the prime factors of (x - 2)*(-20)/(-25)?
2, 5
List the prime factors of (-4082)/13*((-10)/(-4))/(-5).
157
Let o(b) = -b + 21. Let x(a) = a - 10. Let z(h) = -4*o(h) - 9*x(h). Let g be z(4). List the prime factors of (2 + -3)/(1/g).
2, 7
Let c = 9 - 5. Suppose -4*m + 1 = -3, -21 = -c*u - 5*m. Suppose 5*v = -u*y + 73, 5*v = -2*y + 2*v + 37. List the prime factors of y.
17
Let m = 25 + -23. Let o = 58 - m. List the prime factors of o.
2, 7
Let z = 510 + -145. List the prime factors of z.
5, 73
Let b(j) = 13*j - 9. Let c(h) = 12*h - 9. Let g(q) = -4*b(q) + 5*c(q). Let p be (210/175)/((-3)/(-10)). What are the prime factors of g(p)?
23
Let z(c) = 3*c**2 - 3*c + 1. Let j be z(4). Suppose 0 = 2*m - 3*m + j. Suppose -37 = -2*y + m. List the prime factors of y.
37
Let y = -482 + 1203. List the prime factors of y.
7, 103
Let l be (-684)/(-54) + 2/(-3). List the prime factors of (-246)/l*(-4 + 3 + -1).
41
Let o(g) = 112*g - 303. What are the prime factors of o(18)?
3, 571
Let u(m) = -199*m + 40. List the prime factors of u(-3).
7, 13
Suppose r = -4*r - 5*a + 965, 213 = r - 3*a. Suppose 4*g + 2*x - 194 = 0, r = 5*g - 2*x - 58. List the prime factors of g.
2, 5
Let i(j) = 2*j - 6. Let f be i(4). Suppose -5 = -a + 5*r, 3*a - 2*r + 0 = f. What are the prime factors of 15 + (-3 - -4 - a)?
2
Let u(a) = a**2 + 7*a + 2. Suppose p = 5*h + 42, 3*p + 0*h - 2*h - 74 = 0. Let k be 4/p - (-630)/(-77). What are the prime factors of u(k)?
2, 5
Suppose 7*c = 5*m + 9*c - 7605, 4*m = -4*c + 6084. What are the prime factors of m?
3, 13
Let d = -6 + 10. Suppose -d*a = -4*h + 32, -4*h - 3*a = -19 - 13. Suppose -3*f + 64 = -h. What are the prime factors of f?
2, 3
Suppose -3*n + 2372 = q, 4*n - q + 948 = 4113. What are the prime factors of n?
7, 113
Let l be -393*(2/7 - 24/(-63)). List the prime factors of (l/(-4))/(1/2).
131
Suppose 2082 = 1903*x - 1901*x. What are the prime factors of x?
3, 347
Let v(x) = 77*x - 2. Let h be v(2). Let z = h + -92. Suppose -4*d + 5*m + 111 = 0, -2*d = -0*d + 2*m - z. What are the prime factors of d?
29
Suppose c - 2*u + 3 = 0, 3*u - u = 6. Suppose 0 = 5*p - 3*p. Suppose 0 = -h + c - p. What are the prime factors of h?
3
Let v(y) = -y**3 - 11*y**2 - 21*y + 7. Let q be (-2)/10 + 88/(-10). Let n be v(q). Let h = n - -19. What are the prime factors of h?
53
Suppose 42700 = -3*n + 10*n. List the prime factors of n/75*(-1)/(2/(-3)).
2, 61
Let x(s) = 38*s + 1. Let r = 16 + -14. What are the prime factors of x(r)?
7, 11
Suppose 44 = 2*h - 3*a, -2*a = h + 2*a. Suppose -18*w + 106 = -h*w. What are the prime factors of w?
53
Let v be (-2)/3*30/(-4). Let a(s) = 2*s**3 - 8*s**2 - s + 12. List the prime factors of a(v).
3, 19
Let s = 1112 - 256. List the prime factors of s.
2, 107
Suppose -7*a = -6*a - 5. What are the prime factors of ((-3)/(-9))/(a/765)?
3, 17
Suppose -31*l = 13*l - 39776. List the prime factors of l.
2, 113
Let g be 14/(-1)*(-12)/14. Let a(f) = -9 + 5*f - 8 + 18. What are the prime factors of a(g)?
61
Let c = 8 - -4. Let w be (c/4)/(0 - -1). Suppose -2*q + w = -9. List the prime factors of q.
2, 3
What are the prime factors of (-632320)/(-910) + 8/7?
2, 3, 29
Let m be 420/18*6/5. Suppose -5*b + 261 + 559 = 0. Suppose 3*x + b = 5*o, -m = -4*o - 4*x + 84. List the prime factors of o.
31
Suppose 4*q = 5*m - 3705, 2*q + 2 = -8. What are the prime factors of m?
11, 67
Let a(q) be the second derivative of -q**3/6 - 2*q**2 - 5*q. Let l be a(-7). Suppose 0 = 2*w + 2, -59 = -3*t - 4*w + l*w. What are the prime factors of t?
2, 5
Let a(n) = 75*n - 8. Let o be a(5). Suppose -5*p + 4*r = -o, r = -2 - 1. List the prime factors of p.
71
List the prime factors of (7 - -104) + 4/(0 - 2).
109
Let f = 1090 - 338. What are the prime factors of f?
2, 47
Suppose 5*f + 2420 = -3*q, 3*f + q = -1587 + 139. What are the prime factors of (1/(-2))/(4 + f/120)?
2, 3, 5
Suppose 3*m = -3*q - 25 + 271, -4*m = q - 343. List the prime factors of (m*1)/(6/2).
29
Let a(t) = -11*t**2 - 2*t - 1. Let u be a(-3). Let r = u + 64. Let s = -19 - r. List the prime factors of s.
11
Let o(r) = r**3 - 3*r**2 + r + 2. Let f be o(2). Suppose f*j + 4*j = 292. List the prime factors of j.
73
Let s(v) = 23*v. Let g be s(4). Let u be (-2)/6 + g/6. Suppose -5*b - u = 0, 3*q = -0*b - b + 42. What are the prime factors of q?
3, 5
Let j(n) = 19*n. Suppose -3*v = -u - 24, 5*v + 5*u - 8 = 32. What are the prime factors of j(v)?
2, 19
Suppose 0 = k - 5*h + 2, -2*k - 3*k + 2*h = -13. Suppose -5*t = -b + 134, b + 223 = k*b + 5*t. What are the prime factors of b?
7, 17
Let z = 20 + -14. Suppose -8 = -4*d, d - 58 = -t + z*d. What are the prime factors of t?
2, 17
Suppose 0 = 2*r + 4*s - 18, -6 = 2*r - 8*s + 4*s. Let g = 8 - 15. List the prime factors of g/(0 + 2 - r).
7
Suppose -5*o = -o - 16. Suppose 14 = -0*q + 4*q + 5*a, 5*q - o*a = 38. List the prime factors of q.
2, 3
Let q(j) = 3*j**2 - 25*j - 51. What are the prime factors of q(16)?
317
Suppose 19*g - 60 = 15*g. What are the prime factors of (-58)/(-2) + 5*6/g?
31
Suppose -2284 = -2*s - 410. What are the prime factors of s?
937
Suppose 4337*o = 4325*o + 7884. List the prime factors of o.
3, 73
Suppose 6*j = 3*x + 5*j - 707, -5*x = 3*j - 1197. What are the prime factors of x?
3, 79
Let n be 1 - ((-12)/3)/4. Suppose n*h + 2*h = 0. Suppose 4*o + 3*r = 161, h = r - 0*r + 5. List the prime factors of o.
2, 11
Suppose -19*i + 31818 - 9113 = 0. List the prime factors of i.
5, 239
Let z(o) = 2*o**3 + o**2 - o. Suppose 2*x - x = 0. Suppose x = 5*d - 3*d - 4. List the prime factors of z(d).
2, 3
Suppose -4*f + 2*a = -6*f + 654, 4 = 4*a. List the prime factors of f.
2, 163
Let y be (23 - -3)*1*1. Suppose y*o - 24*o - 142 = 0. What are the prime factors of o?
71
Suppose -132 = -3*b + 2*b. What are the prime factors of 0 + (b/2 - 0)?
2, 3, 11
What are the prime factors of (1446/(-8))/(81/(-972))?
3, 241
Let m = 10 + -6. Suppose 4*n - n + m*z + 8 = 0, 0 = -n - 2*z - 6. List the prime factors of n.
2
Suppose -35*j + 46560 = -23405. List the prime factors of j.
1999
Suppose 0 = 9*l - 14*l + 395. What are the prime factors of -4 - (0 - 3 - l)?
2, 3, 13
Suppose 8*o = 7*o + 66. Suppose 5*c - o = -16. List the prime factors of c.
2, 5
Suppose 3*y = -4*j + 3769, -3*j - 3776 = -7*j + 4*y. List the prime factors of j.
23, 41
Let z(o) = -o**3 + 15*o**2 - 16*o + 9. Let c be z(12). Suppose 143 = -3*i + 668. Suppose -8*t + c = -i. List the prime factors of t.
53
Suppose -587 = 6*g + 151. Let r = g - -182. What are the prime factors of r?
59
Let i(v) = -23*v**3 + 9*v**2 - v - 4. List the prime factors of i(-5).
7, 443
Suppose 5*f - h - 22 = 0, -2*h - 1 = f - 4*h. List the prime factors of f.
5
Suppose 5*c - 17 = -3*b, 4*c = -2*b - 3*b + 37. Suppose -2*d + b = -3*d. List the prime factors of (-1)/(3 - (-30)/d).
3
Suppose -1 = -3*a + 5*p, 4*a - 5*a + 6 = 4*p. Suppose 0*k = 4*f + a*k - 326, 0 = 3*f - 5*k - 212. What are the prime factors of f?
79
Let q(w) = -2*w + 1282. List the prime factors of q(59).
2, 3, 97
Let s(p) = -p. Let o(d) = -14*d - 45. Let g(z) = o(z) - 6*s(z). List the prime factors of g(-18).
3, 11
Let x(o) = -2*o - 15. Let l(i) = i**3 + 8*i**2 + 13*i - 4. Let u be l(-6). What are the prime factors of x(u)?
5
Suppose -1028 = -3*u - 2*y - 2*y, 5*u - 2*y = 1670. Let h be (2/(-6))/((-4)/u). Suppose -5*